ded by 16?
15
Suppose 0 = 6*v + 2561 - 2771. Calculate the remainder when 769 is divided by v.
34
Suppose -4*i - 527 = -5131. Calculate the remainder when i is divided by 55.
51
Let z = 3515 - 3499. Calculate the remainder when 29 is divided by z.
13
Suppose 55*z - 703703 = 5*z - 27*z. What is the remainder when z is divided by 10?
9
Suppose 9*w - 1428 = -59*w. What is the remainder when 35 is divided by w?
14
Suppose -234 = 22*j + 22*j - 57*j. Let q = 2 - 0. Suppose -q*n - 15 = -5*o + 246, -o + 2*n + 49 = 0. What is the remainder when o is divided by j?
17
Let k = -1 - -32. Let c = k + -31. Suppose 0 = 3*s - 3*m - 3, -4*s + 2*m + c*m = -8. What is the remainder when 3 is divided by s?
0
Let j = -23 - -68. Let o = -2525 - -2701. What is the remainder when o is divided by j?
41
Let k = 16 + -9. Let j(m) = -m**3 + 5*m**2 + 16*m - 3. Let b be j(k). Suppose b*p - 132 = -0*p. Calculate the remainder when 105 is divided by p.
9
Let s(y) = -y**3 + 22*y**2 - 40*y + 18. Let b be s(20). What is the remainder when 752/b + (2 - 48/27) is divided by 11?
9
What is the remainder when 526 is divided by 3 + (-7 - (-5)/5 - (-100)/1)?
41
Suppose 0 = 4495*b - 4540*b + 408645. What is the remainder when b is divided by 38?
37
What is the remainder when (7 - 12) + 0 - -6 - (-621 + 2) is divided by 205?
5
Suppose -17 = -4*f + 6*s + 27, 0 = f - s - 10. What is the remainder when 20 is divided by f?
4
Suppose 191*n + 49*n = 6960. Calculate the remainder when n is divided by 3.
2
Suppose 18 = 34*g - 37*g, -2 = d + 4*g. Suppose 22 = 4*m - 5*z + 2, -4*z = 3*m - 46. What is the remainder when d is divided by m?
2
Suppose -r + 20 - 4 = 5*f, 17 = 4*f + 5*r. Let x be -1 + -12 - 6/(-2). Let l(i) = i + 12. Calculate the remainder when f is divided by l(x).
1
What is the remainder when 551 is divided by 37/((-407)/(-1056)) + 16?
103
Let c be ((54/(-10))/(-3))/(35/2975). Let f = -111 + c. Suppose f*n - 6 = 41*n. Calculate the remainder when 47 is divided by n.
5
What is the remainder when 1578/2*((-11)/(-231) + 6/21) is divided by 111/6 + (-3)/(-6)?
16
Suppose k - 23 = 2*j + 47, -5*j + 335 = 5*k. Calculate the remainder when 336 is divided by k.
64
Suppose 375*q - 379*q + 36 = 0. Let j be (1 - 0)*(-2 + 29). Let b = q + j. What is the remainder when b is divided by 14?
8
Let z be (3 + 2)/10*8 + -393. Let r = z + 467. What is the remainder when r is divided by 21?
15
Let s = 64 + -34. Let m = 28 + 38. Suppose -m = 6*o - 168. What is the remainder when s is divided by o?
13
Suppose -4*w = 8*w + 47513 - 237173. Calculate the remainder when w is divided by 11.
9
Let b = -103 + 108. Suppose 2*j - 4*x - 66 = 0, 24 = 4*j - b*x - 114. What is the remainder when 102 is divided by j?
28
Suppose -u = -2 - 1. Let h(c) = 12*c + 28. What is the remainder when h(u) is divided by 37?
27
Suppose 0 = m + 2*y - 22, 5*m - 2*y - 17 - 45 = 0. What is the remainder when 472 is divided by m?
10
Let w(v) = -129*v + 9002. What is the remainder when 1870 is divided by w(68)?
30
Let s be (-3)/6 - 15/(-6). Let w be (-6)/s - (2 + -18). Calculate the remainder when (-4)/(-26) + 440/w is divided by 5.
4
Suppose -91*d = -123*d + 1056. What is the remainder when 126 is divided by d?
27
Let m(a) = -24*a + 1813. Calculate the remainder when m(-32) is divided by 38.
35
Let l = 25359 - 25347. Let d = -1 + 36. What is the remainder when d is divided by l?
11
Suppose -40*q + 3860 = 820. Let y = 20 - 4. Calculate the remainder when q is divided by y.
12
Suppose 3*h = -2*t - h - 10, 0 = 3*t - 5*h - 18. Let s(o) = 6*o + 39. Let m be s(-15). What is the remainder when m - -48 - t/(2/(-272)) is divided by 17?
14
Let y(b) = b**3 + 10*b**2 + 6*b + 18. Let d be y(-9). Let q = 59 - d. Suppose -211 + 43 = -q*k. Calculate the remainder when 38 is divided by k.
2
Let m(k) = k**3 + 98*k**2 + 192*k + 17. Let a be (-22)/(1 + 5/(-6)). Let j = -49 - a. What is the remainder when j is divided by m(-96)?
15
Let l(g) = 32*g - 18. Let j be l(3). Suppose -h = 5*f - 136, -3*f + 4 = h - j. What is the remainder when f is divided by 25?
2
Let o = -6480 - -6504. What is the remainder when 961 is divided by o?
1
Let v(o) = -15*o + 5. Let c(m) be the first derivative of -8*m**2 + 5*m - 12. Let f(s) = -4*c(s) + 3*v(s). Calculate the remainder when f(1) is divided by 7.
0
Let w(q) = 2*q**2 - 3*q - 6. Let y be w(11). Suppose 0 = 2*n + 5*z - y, -5*z - 26 = -n + 68. Calculate the remainder when n is divided by 16.
3
Let u(j) = -j - 5. Let z be u(-7). Suppose 0 = -z*r - 3*r + 20. Suppose -2*v - 3*y = -14, v - 6*v + 28 = r*y. What is the remainder when 8 is divided by v?
0
Suppose -515*i = -424*i - 25025. Calculate the remainder when 2463 is divided by i.
263
Suppose 5*t + f - 963 = 0, 1005 = 4*t - 3*f + 227. Let y = t - 183. Calculate the remainder when y is divided by 1.
0
Suppose 44*s - 45*s + 90 = 0. Suppose -8*l = -78 - s. What is the remainder when 183 + ((-12)/(-1))/4 is divided by l?
18
Let p(t) = -15*t + 182. What is the remainder when p(-3) is divided by 10366/365*((-10)/(-4) + 0)?
14
Let q(u) = u**3 - 4*u**2 - 9*u + 21. Let k be q(8). Let z = 228 - k. What is the remainder when 113 is divided by z?
21
Let i(n) = -n**3 + 11*n**2 - 3*n + 128. Calculate the remainder when i(11) is divided by 85.
10
Let h(v) = 1004*v - 5805. Calculate the remainder when h(8) is divided by 369.
13
Let j = 5252 - 1531. Calculate the remainder when j is divided by 73.
71
Let r = -31 + 34. Suppose -2*o - 147 = -2*x + 25, 4*x - 347 = r*o. Calculate the remainder when x is divided by 18.
17
Let o(h) = 3*h**2 - 4*h - 3. Suppose -58*r - 4 = -62*r, -129 = -2*w - 3*r. What is the remainder when w is divided by o(-2)?
12
Let q = -13545 - -31414. Calculate the remainder when q is divided by 16.
13
Let n(p) = -p**3 + 6*p**2 + 3*p - 6. Calculate the remainder when n(6) is divided by (0 + 3/21)/((-311)/(-19593)).
3
Let l(v) = 2*v**3 - 14*v**2 - 75*v + 529. What is the remainder when 1892 is divided by l(7)?
0
Let u be 434/3 + (-36)/(-27). Suppose 5*m = 176 - u. What is the remainder when 10 is divided by m?
4
Let j be -22*(24/(-15))/(4/10). Let b = j + -71. Let y(z) = -z**3 + 16*z**2 + 6*z - 31. Calculate the remainder when y(16) is divided by b.
14
Let k(d) = 86*d - 3737. Calculate the remainder when 1225 is divided by k(45).
28
Calculate the remainder when (-53474)/(-40) - 24/(-160) is divided by 271.
253
Let n(b) = 6*b + 9. Let y be n(6). Let x(v) = -18*v**2 - 56*v - 2. What is the remainder when 399/27 + 10/y is divided by x(-3)?
3
Let y be (-184)/69*(21/6 - 2). Let b = 289 - 94. Calculate the remainder when 6/y + b/6 is divided by 16.
15
Let w = -12674 + 14544. Calculate the remainder when w is divided by 172.
150
Let a(c) = c**3 - c**2 - 10*c + 15. Let q be a(3). Suppose -4*x + 6*x = -3*v + 1069, 9 = q*v. What is the remainder when x is divided by 14?
12
Suppose -312 + 546 = 38*t - 564. Suppose -2*c = 5*x - 143, 2*c - c - x = 89. What is the remainder when c is divided by t?
0
What is the remainder when 1146 is divided by (74 + -31)/129 + ((-364)/6)/(-1)?
48
Suppose 743*c - 739*c = 12. Suppose -3*y = -3*d + 33, 27 = 4*d - d - 5*y. Calculate the remainder when c is divided by (-4)/(-6)*(d + -11).
1
Suppose 4*s - 258 = -262. Calculate the remainder when s/((-5)/215) + -6 is divided by 28.
9
Suppose -14*x + 1839 = -891. What is the remainder when 605 is divided by x?
20
Let p(o) = -2*o**3 - 50*o**2 + 52*o + 10. Let i(m) = -3*m**2 + 2*m - 1. Let t be i(1). What is the remainder when (t - 1) + -13 + 104 is divided by p(-26)?
8
Suppose 0*o + 2*o = 20. Suppose 5*i - 4*k = -9, -1640*i + 4*k - 33 = -1643*i. Calculate the remainder when o is divided by i.
1
Let d(n) = -n**2 + 156*n + 2791. Suppose -4*g + 3*v + 75 = 0, 0 = -7*v + 2*v + 15. What is the remainder when d(-16) is divided by g?
18
Suppose f - 4*c - 2 + 6 = 0, f = 2*c. What is the remainder when 64 is divided by (-208)/(-6) + f/(-6)?
30
Suppose -11037 = -13*o + 33787. Suppose 6*b - 3*n = 2*b + o, 5*b + n = 4329. Calculate the remainder when b is divided by 51.
49
Let p(m) = -m**3 + 18*m**2 - 57*m + 11. Calculate the remainder when p(8) is divided by 104.
91
Suppose 1472 = 5*m + 472. What is the remainder when 1173 is divided by m?
173
Let m = -2867 + 2890. Let q = 201 + -41. Calculate the remainder when q is divided 